h(v) = 3*v**3 + 4*v**2 - 28*v + 78. What is the units digit of h(6)?
2
Let a = -2445 - -3958. What is the units digit of a?
3
Let r(h) = 2*h**2 - 15*h - 124. What is the units digit of r(13)?
9
What is the hundreds digit of 1/(-10) + (-4704810)/(-1100)?
2
Suppose 0 = -17*x + 12*x - 15. Let k(r) = -22*r + 2. What is the tens digit of k(x)?
6
Let h = -2 - -9. Let c(l) = -2*l + 5*l**2 - 3*l**2 + 3 - l**2 - 3*l. What is the tens digit of c(h)?
1
Suppose 33 - 11 = 4*r - a, -a + 18 = 4*r. Let l = 50 - -50. Suppose 0 = 5*m - l - r. What is the units digit of m?
1
Suppose 5*f - 25 = -u, 3*f + 2*u + u = 15. Suppose 1 = -3*x - f, -3*r + 234 = -3*x. Suppose r = j + j. What is the units digit of j?
8
Suppose -3*z - 27 = -3*d, 2*z = -3*d + 3*z + 17. Let g = 14 + d. What is the units digit of g?
8
Let m(b) = -b**3 - 11*b**2 - 11*b - 8. Let f be m(-10). Suppose -f*l = -0*l. Suppose -3*v - 1 + 25 = l. What is the units digit of v?
8
Let i = -1800 - -4267. What is the hundreds digit of i?
4
Suppose 617*j - 23970 = 600*j. What is the hundreds digit of j?
4
Let y(v) be the third derivative of -1/120*v**6 + 2/3*v**3 + 0*v - 1/60*v**5 + 0 + 1/12*v**4 + v**2. What is the units digit of y(-3)?
6
What is the tens digit of (-1103)/(-13) - ((-160)/104)/10?
8
Let x = -313 - -542. Let b = x - 84. What is the hundreds digit of b?
1
Suppose k + 4*k - 29 = -l, 0 = 2*k + l - 11. Suppose k*x + 0*x = 258. What is the units digit of x?
3
What is the tens digit of -2 + 5 - (12/6 - 25)?
2
Suppose -4*u - 4*o = -32, -u = 4*o + o - 24. What is the units digit of -10*1*(u - (-48)/(-10))?
8
Let z(t) = t**3 + 5*t**2 + 6*t + 16. Let u be z(-6). Let o = -24 - u. What is the units digit of o?
2
Suppose -2*j = -3*q - 530 - 42, -2*j - 2*q = -592. What is the tens digit of j?
9
Let b(s) = 3*s + 61. Let p be b(-19). Suppose 3*v = -q + p*q - 66, 4*v - 12 = 0. What is the units digit of q?
5
Let t = 871 - 566. Let s = -189 + t. What is the hundreds digit of s?
1
Let f = -864 + 2243. Suppose -16*t + 9*t + f = 0. What is the hundreds digit of t?
1
Suppose -5147 + 707 = -6*w. Suppose 3*d = -4*m - d + 624, -5*m + w = -5*d. What is the units digit of m?
2
Let d(j) = 2*j**2 + 2*j - 143. What is the tens digit of d(-18)?
6
Suppose 165 - 1110 = -3*s. Let o = s + -179. What is the hundreds digit of o?
1
Let y be ((-30)/25)/(4/10). Let u(x) = -3*x**3 + 5*x**2 + 4*x - 8. What is the hundreds digit of u(y)?
1
Suppose 2*v + 0*v = 3*g + 24, 0 = -v + 2*g + 13. Suppose -v*q + 160 = -5*q. What is the units digit of q?
0
Suppose 0*g = -w + 5*g + 2, 0 = -5*g + 5. Let y(d) = w + 3*d**2 - 5*d**2 + 3*d**2 + 5*d. What is the tens digit of y(-7)?
2
Suppose -2*j - 8 = -6*j, -2*j + 3433 = 3*d. What is the hundreds digit of d?
1
Let b(y) = 5*y**3 - y**2 - 24*y + 126. What is the tens digit of b(9)?
7
Let b = 1022 + -399. What is the units digit of b?
3
Let f be 4/((1/75)/1). Suppose 0 = -5*m + f. What is the tens digit of m?
6
Suppose -4*r + 100 = 3*f, -3*r - 54 = -4*f + 71. Suppose f = -i + 98. What is the tens digit of i?
6
Suppose -2*v + 3*v = 128. Suppose 3*h - 3*q - 199 = -73, v = 3*h - q. What is the tens digit of h?
4
Let x be -1*((-98)/21 + (-4)/(-6)). Let b be 46/6*63*-3. What is the units digit of (-1)/x + b/(-36)?
0
Let l = 1 + -1. Suppose 4*m + z - 14 = -z, -2*m + z + 5 = l. Suppose -4*d + 3*x = -107, m*d + 0*d + 5*x - 73 = 0. What is the units digit of d?
6
Let z(l) = -5*l**2 + 2*l - 4. Let j(d) be the first derivative of -5*d**3/3 + d**2 - 3*d - 1. Let f(p) = -3*j(p) + 2*z(p). What is the units digit of f(-2)?
5
Let o(b) = -7*b**2 + 4*b + 15. Let z be o(-9). What is the tens digit of z/(-24) - 1/2?
2
Let c(j) = j**3 - j**2 - j - 1. Let l be c(-1). Let s be (-28)/(-6) + l/(-6). Suppose 3*q = s*q - 18. What is the units digit of q?
9
Let l(p) = 14*p**2 - 2*p - 7. Let v(o) = 5*o**2 - o - 2. Let x(c) = 4*l(c) - 11*v(c). What is the units digit of x(6)?
8
Let h(x) = x**3 - 6*x**2 + x - 3. Let b be h(6). Suppose -2*d + 7*d - 470 = 0. Suppose -4*v - 4*q = -6*q - d, -v + 6 = b*q. What is the units digit of v?
1
Let p = 12 + -9. Suppose -p*n - 8 = n. What is the units digit of (-35)/(1/(-3 - n))?
5
Suppose -36*t + 8708 = -4864. What is the units digit of t?
7
Let g = -6 + -4. Let s be 18/(-6)*(-4)/6. What is the units digit of 10*(-2)/g*s?
4
Let t(q) = q**3 - q**2 - 12*q - 5. Let a be (-2)/(-8) + (38/8 - -1). What is the hundreds digit of t(a)?
1
Suppose -4*k - 5*c + 8463 = 0, -5*k + 6778 + 3794 = 4*c. What is the thousands digit of k?
2
Let t(r) = -2*r**3 + 20*r**2 + r - 5. Let z be t(10). What is the units digit of (141 + z)/1 - -3?
9
Let j = 26 + -20. Suppose 5*i + 4*f - 4 = 2*f, j = 5*i + 3*f. Suppose i = -4*q - 5*a + 87, 5*a - a + 73 = 3*q. What is the units digit of q?
3
Suppose u - 10 = -h, -2*h = -4*u - 0*h + 40. Suppose -2*a - u = -4*i + 2, -a = 0. Suppose 2*b - 145 = -5*f + 7*b, i*f - b = 89. What is the units digit of f?
0
Suppose 18 + 92 = 5*g. Let x = 9 + g. What is the tens digit of x?
3
Suppose 5*c + z = -135, 3*c - z - 109 = 7*c. Let p = 115 - 42. Let j = c + p. What is the tens digit of j?
4
Let j(f) = -2*f**3 + f**2 + f + 2. Let h be j(-2). Let y be 8/h - (-84)/15. What is the units digit of (-8)/(-3) - (-2)/y?
3
Let d(k) = k + 1. Let r be d(-8). Let m = -16 - r. Let y = 25 + m. What is the units digit of y?
6
Suppose -3*z - 25 - 23 = 0. What is the tens digit of z/(-5)*50/4?
4
Let f(m) = 4*m. Let u be f(1). Let k = u - 2. Suppose k*s = -3*g + 92 - 22, 0 = -g - s + 25. What is the tens digit of g?
2
Let m(d) = -5*d**2 + 124*d - 23. What is the tens digit of m(21)?
7
Suppose 6*q + 2 = -10. Let x = -2 - q. Let i = 21 - x. What is the units digit of i?
1
Let b = -26 + 42. Suppose -9*r = -5*r + b. Let h = r - -16. What is the tens digit of h?
1
Let r = -4571 - -1861. What is the tens digit of 3/(-18) - r/60?
4
Let g(q) = -q**2 + 7*q - 5. Let s be g(5). Suppose -s*w - o + 166 = -4*o, -3*o = -4*w + 131. What is the tens digit of w?
3
Let u = 147 + -395. What is the tens digit of u/6*(-30)/20?
6
Let v(o) = o + 260. What is the tens digit of v(24)?
8
Let m = -110 - -448. What is the hundreds digit of m?
3
Let d = 7 - 5. Let p(g) = g**2 - d*g**2 + 2*g**3 - 1 - g**3 + 4*g**2. What is the units digit of p(-1)?
1
Suppose -5*y + 20 = 0, y + 0*y - 20 = -4*h. Suppose 9*o = -h*o + 1365. What is the tens digit of o?
0
Let m = -6 - -8. Suppose m*j + 2*t - 5 + 3 = 0, -j + 5*t = -25. Suppose b - 16 = j. What is the units digit of b?
1
Let y be (-5)/10*(-2 - -2). Suppose -2*q = -y*q + 4*i - 6, -q = -4*i - 3. Suppose -a + 30 = j, 0 = a + q*a - 3*j - 106. What is the units digit of a?
8
Suppose 298 = -2*n + 2. Let g = -98 - n. Suppose 0 = -4*o + g + 2. What is the units digit of o?
3
What is the hundreds digit of 721 + -24 - 6*(-6)/(-9)?
6
Let f(t) = -t**2 + 10*t - 4. Let c = 12 + -5. Let l be f(c). Suppose 0 = 5*q - g - 85, 0*q - l = -q - g. What is the units digit of q?
7
Let b = 36 - -138. Suppose -p + 84 + b = 0. What is the hundreds digit of p?
2
Let u(d) = 4*d**2 - 2*d + 1. Let w be u(1). Suppose 2*g = -2*h, -5*h = 4*g + w - 1. What is the units digit of g/11 + (-40)/(-22)?
2
Suppose 139*z - 212 = 135*z. What is the tens digit of z?
5
Let p(s) = s**2 - 5*s - 198. What is the hundreds digit of p(22)?
1
Let u(s) = s**2 - 20*s - 96. What is the tens digit of u(27)?
9
Suppose 7*t = 19*t - 6*t. What is the tens digit of ((-136)/(-8) + 0)/(t + 1)?
1
Let q(t) = t - 1 + 0*t**3 + 0*t**3 + t**3. Let z(o) = -7*o**3 + 7*o**2 - 7*o + 5. Let m(k) = 6*q(k) + z(k). What is the tens digit of m(6)?
2
Let x = -1599 - -2285. What is the units digit of x?
6
Let a = 7375 + -2985. What is the hundreds digit of a?
3
Suppose 6*u - 26 = -2. Suppose 0 = -3*w + 58 - u. What is the tens digit of w?
1
Let m(r) = 12*r + 1. Let w be m(1). Suppose 1 = -3*v + w. Suppose v*b - 14 = 6. What is the units digit of b?
5
Suppose -14*o - 1192 = -15976. What is the units digit of o?
6
Let f be 1/(-2 - (-21)/9). Suppose 2*m - f = 25. Let z = m - 9. What is the units digit of z?
5
Suppose 27*y = 41*y - 686. What is the tens digit of y?
4
Let x(o) = 3*o**2 - 18*o - 11. Let z(m) = -m**2 + m + 1. Let y(u) = -x(u) - 2*z(u). What is the units digit of y(14)?
7
Let m be ((-4)/(-3))/((-10)/(-15)). Suppose -3*k = -0*g + m*g + 185, 4 = -4*g. Let a = k + 102. Wha